culate the greatest common factor of 2 and p.
2
Let p be (-4)/10 + 32/5. Suppose -612 + 735 = 2*l - y, 3*l + y = 207. Calculate the highest common factor of l and p.
6
Suppose -59*n - 92*n = -47*n - 17056. Suppose 3*u = 3*x - 2*x + 128, -190 = -5*u - 3*x. Calculate the highest common factor of u and n.
41
Let p be 0/(-1) - (-60)/5 - 2. Let b be (-2)/p - (-2830)/25. Suppose -7*j + b = -48. What is the highest common factor of j and 69?
23
Let u be 4435/5 + 3/(3/(-4)). Suppose -5*t - 3*r + 1202 = 0, 4*t - 81 - u = -3*r. Calculate the greatest common factor of 102 and t.
34
Let h(t) = 2*t**2 - 36*t + 65. Let n be h(21). Let j = 272 - n. Calculate the highest common divisor of j and 45.
9
Let h = 9164 - 9140. What is the greatest common divisor of h and 3954?
6
Let b = -70 - -75. Suppose 0 = c - b*w - 31 + 1, -5*c = 3*w - 94. Calculate the greatest common divisor of c and 30.
10
Suppose q + 6 = -3*h, -56*h + 51*h + 2 = 3*q. What is the highest common divisor of q and 429?
3
Let l be 15/(-9 - (-882)/96). Suppose -3*g + 0 = 12, -4*y + 2*g = -40. Calculate the greatest common divisor of y and l.
8
Suppose 0 = 16*u - 100*u + 840. Calculate the greatest common divisor of 3130 and u.
10
Suppose -8*l + 3*l = -4*m - 286, -3*m + 266 = 4*l. What is the greatest common factor of l and 124?
62
Let z be (-4990)/(-26) - 16 - 1/(-13). Calculate the greatest common factor of 1848 and z.
88
Let i be (-3927)/34*(2 + 0). Let x = i - -409. What is the highest common factor of 89 and x?
89
Let w = -68 + 104. Suppose -2*m + 9*h = 14*h - 183, 90 = m + 2*h. What is the greatest common divisor of m and w?
12
Suppose 48*p = -2*s + 43*p + 27, 3*s - 46 = -2*p. What is the highest common factor of 11648 and s?
16
Suppose p = s - 55, -p = 2*s - 123 - 2. What is the highest common divisor of s and 8320?
20
Suppose 12*o + 2805 = 5*f + 7*o, 2*f + 5*o = 1115. What is the highest common factor of 860 and f?
20
Suppose 5*z - 3*j = 55, 2*j + 40 - 18 = 2*z. Suppose -z*h + 205 - 7 = 0. What is the highest common divisor of 9 and h?
9
Suppose 0 = -4*w + 8, 361 = -5*c + 3*w + 515. What is the greatest common divisor of c and 2216?
8
Let a = -22 + 20. Let s(y) = -2*y**3 + 2*y**2 - y. Let u be s(a). Let b = u - 14. What is the highest common factor of b and 12?
12
Suppose 3*v + 3*v = -3000. Let u be v/(-28) + 3/21. Calculate the highest common factor of 63 and u.
9
Let p = -25 + -327. Let o be (28/6)/(p/(-117) - 3). Calculate the greatest common divisor of 21 and o.
21
Let x(g) = 7*g**2 + 62*g - 1117. Let u be x(20). What is the greatest common factor of u and 316?
79
Suppose -4*w = 3*s - 5*w + 166, 0 = s - 5*w + 46. Let h be (-120)/28*s/6. What is the greatest common divisor of 30 and h?
10
Let r be (-15992*30/(-40))/3 - 7*1. Calculate the highest common factor of r and 26.
13
Let v = -95 + 153. Suppose 5*j = o + 1035 - v, 3*o - 579 = -3*j. What is the highest common factor of 15 and j?
15
Let n = -1509 + 4256. What is the highest common divisor of 268 and n?
67
Let l(c) = -2*c**3 - 163*c**2 + 63*c - 1063. Let w be l(-82). Calculate the greatest common factor of w and 2178.
99
Let u(v) = -412*v - 9344. Let y be u(-23). What is the greatest common factor of 14124 and y?
132
Let p(y) = 7*y**2 - 12*y + 25. Let g(a) = -a**2 - 15*a + 79. Let r be g(-19). Let c be p(r). What is the highest common factor of c and 78?
26
Let u(x) = x**3 - 6*x**2 + 35*x - 233. Let j be u(8). Let l be (5/(-2))/(1/(-28)). What is the greatest common divisor of j and l?
35
Let v be 3*(-2)/(-6)*-2. Let p be (99/66)/(v/(-16)). Calculate the highest common factor of p and 156.
12
Suppose -55*p + 10977 + 9597 = 5559. Calculate the greatest common factor of p and 126.
21
Suppose 10*m + 168 = 6*m. Let c be -3 - m/9 - 5/(-15). Suppose j = c*v + 466, -j + 0*v + 458 = 2*v. What is the highest common divisor of 42 and j?
42
Suppose -5*d = -3*d - 60. Let z = 1691 - 1673. What is the greatest common divisor of d and z?
6
Let d(v) = v**3 + 15*v**2 + 7*v + 28. Let n be d(-13). Suppose 0 = -2*o + 3*j + 28, -24*o + 5*j = -25*o + 1. What is the highest common divisor of o and n?
11
Let t(q) = 7*q**2 - 52*q + 98. Let o be t(5). What is the greatest common factor of 10933 and o?
13
Let t(x) = -5*x**2 + 41*x - 5. Let f be t(8). Let l be 137/f + (-1)/(-3). Calculate the highest common divisor of l and 230.
46
Let t = 9018 - 9002. What is the highest common factor of 724 and t?
4
Let j(t) = -t**3 + 29*t**2 + 33*t + 56. Let z be j(30). What is the greatest common divisor of z and 730?
146
Let j = 15059 + -15049. Let f be 4/(-6) - 24/(-9). Suppose p = 5*u + 35, -f*p + 4*u - 80 = -3*p. Calculate the highest common factor of p and j.
10
Let d = -8144 - -8185. What is the highest common factor of 21484 and d?
41
Let c(g) be the second derivative of -2*g**2 + 0 + g + 7/6*g**3. Let d be c(3). What is the highest common divisor of d and 17?
17
Let v = -952 + 1411. Let s be -36*2*v/(-51). What is the highest common divisor of 72 and s?
72
Suppose -n - 4*f = -0*n + 292, -2 = -2*f. Let t = n - -306. What is the greatest common factor of t and 310?
10
Suppose -5*i + 15 = -5*t, 26*i + 3*t + 7 = 28*i. Suppose -4*l + 59 = -3*v, 3*l + i*v + 42 = 65. Calculate the highest common divisor of 11 and l.
11
Suppose 0 = -312*t + 308*t - 2*v + 13616, 3*v - 13618 = -4*t. What is the greatest common factor of 164 and t?
41
Suppose 77*v + 42*v - 63567 = 3073. What is the greatest common divisor of 910 and v?
70
Suppose 4*j = -5*g + 11352, -4*j - 3 = 5. Calculate the greatest common divisor of 3550 and g.
142
Suppose -335*f + 20237 = -276*f. Calculate the greatest common divisor of 68257 and f.
343
Suppose 0*h + 950 = 5*h. Let m be (13 + 2)/(0 + (-3)/57). Let w be ((-3)/(-2 - -5))/(15/m). What is the highest common factor of w and h?
19
Suppose -98*f = -89*f - 16200. Suppose 0*k + 1108 = 3*q + 4*k, 5*q - 5*k - f = 0. What is the greatest common divisor of q and 260?
52
Suppose -522*d + 502*d + 200 = 0. What is the greatest common factor of d and 30?
10
Let g be 54/189 + (-10)/(-14). Calculate the highest common factor of g and 17.
1
Suppose 11 = 5*n - 4, 5*z = -4*n - 1083. Let c = -51 - z. What is the highest common divisor of c and 56?
56
Suppose -28*i + 498 + 930 = 0. Suppose -5*g = -5*p - 145, 3*g + 4 - i = -5*p. What is the highest common factor of g and 84?
12
Let p be (-1)/4*0 + 4. Let h(g) = 11*g**2 + g + 15. Let j be h(p). What is the highest common divisor of 130 and j?
65
Let d(p) = 73*p + 6722. Let x be d(-92). Calculate the greatest common factor of 320 and x.
2
Let y(q) = 26*q + 1. Let v be y(0). Let m be 21160/(-46)*v/(-4). What is the highest common divisor of m and 5?
5
Let r be 0 + (-106861)/(-20) - 1554/31080. Calculate the highest common factor of r and 390.
39
Suppose 0*v + 5*v - 139 = -4*r, 0 = -2*v - 5*r + 59. Suppose -14*o - 259 = 59*o - 1792. What is the greatest common divisor of v and o?
3
Suppose 0 = -11*k + 156 + 185. Suppose -1267 + 337 = -k*c. Calculate the highest common divisor of 160 and c.
10
Let w = -42 + 48. Let l = 7833 - 7830. Calculate the highest common factor of w and l.
3
Let z(s) = -s**3 + s**2 + 17*s + 126. Let b be z(-10). Calculate the greatest common factor of b and 1122.
66
Let v = 5283 + -2774. What is the highest common divisor of v and 1544?
193
Suppose 53 = 2*b + 3*b + 4*s, -5*s + 28 = 2*b. Let a = b + -2. Let d = 11886 - 11809. Calculate the greatest common divisor of d and a.
7
Let a(h) = -5*h**2 + 38*h - 10. Let o be a(7). Suppose 0 = 10*p + o*p - 1365. What is the highest common divisor of 39 and p?
13
Let k be 102/(-85)*(-29 - 1). Let o(v) = v - 2. Let s be o(7). Suppose n - 29 = -0*x - s*x, 0 = -5*n - 3*x + 255. What is the greatest common factor of n and k?
18
Suppose 0 = 5*f - 5*w - 235, -2*f - 4*w - 1205 = -1257. Calculate the highest common factor of 3820 and f.
20
Suppose 283*h + 422113 = 959*h - 11651247. Calculate the greatest common factor of h and 380.
380
Let k = -11796 + 12138. Calculate the highest common factor of 13509 and k.
171
Let i be (28/(-6))/((-2)/132). Let w = 90778 + -90750. Calculate the highest common divisor of w and i.
28
Let i(q) = q**3 + 41*q**2 + 180*q + 9. Let y be i(-36). Suppose 2*k = -10 + 8, -5*k + y = 2*s. Calculate the highest common divisor of 378 and s.
7
Let u(a) =